 remainder when t is divided by y?
3
Suppose -5*g = 4*v - 211, -5*g + 2*v + 10 = -177. What is the remainder when g is divided by 7?
4
Let a(m) = 29*m + 374. Calculate the remainder when 190 is divided by a(-11).
25
Let v(r) = -r**3 + 2*r**2 + r + 1. Suppose 4*l - 262 = -26. What is the remainder when l is divided by v(-2)?
14
Suppose i = 2 - 6. Let k(t) = t**2 - 22*t + 28. Let h be k(20). Calculate the remainder when 62 is divided by (h/(-10))/(i/(-70)).
20
Suppose -38 = -2*s - 28. Calculate the remainder when 113 is divided by s.
3
Suppose -b = -5*d - 6*b + 70, 0 = 5*d - 2*b - 42. What is the remainder when (3/(-9))/(2/(-222)) is divided by d?
7
Suppose 180*j - 176*j = 1500. What is the remainder when j is divided by 119?
18
Suppose 2*z + 22 = 68. What is the remainder when (8/24)/((-2)/(-534)) is divided by z?
20
Suppose 0 = 70*l - 63*l - 455. What is the remainder when l is divided by 19?
8
What is the remainder when 139 is divided by (3630/(-24))/(-11) + (-5)/(-20)?
13
Let q(c) = -c. Let y be q(10). Let a = y - -13. Suppose -3*l - 11 = 5*j, 2*l - a*l = 3*j + 9. What is the remainder when 10 is divided by l?
1
Let c(o) = -o**3 + o**2 + 3*o + 2. Let k be c(-4). Suppose -14*x + k = -13*x. What is the remainder when x is divided by 24?
22
What is the remainder when 205 is divided by 29/((21/(-3))/(-7))?
2
Let h be (-1128)/20*(-15)/2. Let k be (16/6)/((-2)/h). Calculate the remainder when (-2)/3*k/8 is divided by 10.
7
Suppose 0 = -18*s - 17*s + 13160. Calculate the remainder when s is divided by 29.
28
Let r = 1165 - 1100. Calculate the remainder when 128 is divided by r.
63
Suppose 2*v - 5*m - 23 = 0, 9 = 3*v + 2*m - m. Suppose v*j - r - 141 = 0, 4*r + 3 = 5*r. Let q = 11 + -1. What is the remainder when j is divided by q?
6
Suppose -7*o + 159 = -51. Suppose 0 = -y - 12 + o. Suppose 0 = -2*h - 5*w - 6, -h + 25 = -4*w + 2. What is the remainder when y is divided by h?
4
Let n = -305 + 563. Calculate the remainder when n is divided by 9.
6
Let r = 61 + -83. Let n(x) = -x**2 - 2*x + 3. Let o be n(-7). Let y = r - o. Calculate the remainder when 38 is divided by y.
8
Suppose r + 9*g - 168 = 4*g, 0 = g. Let f = -86 + r. Calculate the remainder when f is divided by 12.
10
Suppose -47*x - 1700 = -57*x. What is the remainder when x is divided by 19?
18
Suppose 4*c = 18*c - 924. Calculate the remainder when c is divided by 23.
20
Let n(y) = 2*y - 7. Let t be n(5). Suppose 2*a + 6*f - 5*f = 9, f + 26 = t*a. Let k = 1843 - 1816. Calculate the remainder when k is divided by a.
6
Suppose 0 = -19*v + 3*v + 448. What is the remainder when v is divided by 16?
12
Let f(l) = 56*l**3 - 2*l**2 - l. Let d be f(-1). Let p = -19 - d. Calculate the remainder when p is divided by 7.
3
Suppose 0 = 20*a - 1316 - 1164. Calculate the remainder when a is divided by 26.
20
Suppose -3*t - 1 = 5*r - 0, 2*t + 5*r = -4. Suppose -5*p = t*f - 18, 10 = -2*p + 3*p - f. Calculate the remainder when 28 is divided by p.
4
Calculate the remainder when ((-10)/(12 + 8))/(2/(-2376)) is divided by 40.
34
Suppose 0 = -0*b - b + 8. Let t(q) = 4*q + q**3 + q**2 + 5*q**2 - 5*q**2 - 9*q**2. Calculate the remainder when 126 is divided by t(b).
30
Let b(x) be the second derivative of -x**4/12 - x**3/3 + 13*x**2 + 9*x. Calculate the remainder when b(0) is divided by 7.
5
Let v = 17 + -13. Suppose -1 - 15 = v*s. Let j = s - -16. Calculate the remainder when 34 is divided by j.
10
Calculate the remainder when 65 is divided by 17 - (-2)/(5/(-15)*-6).
11
Let b = -6 - -113. Suppose 17*g = 16*g + b. Calculate the remainder when g is divided by 4/(-8) + (-55)/(-2).
26
Let j(p) = p**2 + 2*p - 1. Let n be j(1). Let t be -279*(-3)/36 - 9/(-12). Suppose -n*q = -t - 10. Calculate the remainder when q is divided by 9.
8
Suppose 0 = 5*r + a - 6*a - 220, -2*a = -4*r + 176. Calculate the remainder when r is divided by 15.
14
Let v(x) = x**3 + 2*x - 1. Let z be v(1). Suppose 2*h - 5*s + 77 = 0, -4*h - 190 = 4*s - z*s. Calculate the remainder when 67 is divided by -1*h/4*2.
21
What is the remainder when -1*(-43 - -1)/7 is divided by 5?
1
Suppose 7*j = 5*j - 120. Let u = -47 - j. What is the remainder when 142 is divided by u?
12
Suppose -5*x = 2*t - 525 + 103, 0 = -2*x + 2*t + 166. What is the remainder when x is divided by 18?
12
Suppose 4*o - 18 - 138 = 0. Let j = -30 + o. What is the remainder when 33 is divided by j?
6
Suppose -d = 2*j - 62, -5*j - 66 - 98 = -3*d. Let p = 36 + -21. Calculate the remainder when (-5 - 0)*d/(-5) is divided by p.
13
Calculate the remainder when (-1)/(-7) - (-12033)/147 is divided by 25.
7
Suppose 467 = k + 135. Calculate the remainder when k is divided by 84.
80
Let l = -171 + 372. Calculate the remainder when l is divided by 68.
65
Let v(i) = i**2 - 7*i - 3. Let b be v(7). Let g = b + 12. What is the remainder when 38 is divided by 63/6*12/g?
10
Suppose 2*y + 5 = -5*f + 42, y = -3*f + 16. What is the remainder when (-1455)/(-12) - (0 - (-1)/4) is divided by y?
28
Suppose -v - n - 35 = -6*v, 0 = 4*v - 3*n - 17. Suppose 5*q = 67*d - 70*d + 124, -107 = -4*q - 5*d. What is the remainder when q is divided by v?
7
Suppose 4*o + 2*x - 562 = 0, 0 = 4*o - o + x - 424. Let q = -84 + o. Calculate the remainder when q is divided by 15.
14
Let n = 32 - -14. Let y(q) = -q**2 + 14*q + 3. Suppose 0 = 4*o - 2*t - 52, -8 - 5 = -o + 4*t. What is the remainder when n is divided by y(o)?
14
Suppose -24*n = 19*n - 2193. Calculate the remainder when 259 is divided by n.
4
Let d = 1 + 7. Suppose 50 = d*q - 14. What is the remainder when 22 is divided by q?
6
Let y = 8 + -3. Suppose -5*g + 94 = 4*s, 5*s - 42 = 3*s - y*g. Calculate the remainder when s is divided by 8/(-20) - (-144)/10.
12
Let v(r) = -32*r + 192. Calculate the remainder when 319 is divided by v(4).
63
Let v(o) = -2*o + 25. Suppose 3*s + 0*s - 43 = 2*l, -3*l = -2*s + 37. What is the remainder when v(3) is divided by s?
8
Suppose 4*t + 2*p = 2*t + 18, 0 = -4*t - 5*p + 39. Calculate the remainder when 52 is divided by t.
4
Let c(w) = -w**3 - 10*w**2 + 11*w + 1. Let n be c(-11). Let k(t) = 33*t**2 - t. Let i be k(n). Let o = i + -17. Calculate the remainder when 58 is divided by o.
13
Suppose -6*c + 72 = 3*c. Calculate the remainder when 212 is divided by c.
4
Let j(p) = 14*p + 18. Calculate the remainder when j(10) is divided by 54.
50
Let a(s) = s**2 - 8*s - 9. What is the remainder when 47 is divided by a(11)?
23
Suppose 428 = 4*k - 2*t, 2*k = 2*t - 48 + 260. What is the remainder when 214 is divided by k?
106
Suppose 777 = 94*u + 17*u. Let q(p) = 6*p**3 - p**2 - p + 1. Let d be q(1). What is the remainder when u is divided by d*(-1 - -2*1)?
2
Suppose 11*h = 2*h + 27. What is the remainder when 32 is divided by h?
2
Let b = 6 + 9. Let k(y) = -y**3 - 10*y**2 + y - 38. What is the remainder when k(-11) is divided by b?
12
Let d(q) = 5*q - 5. Let f be d(-2). What is the remainder when 13 is divided by -24*(3 - (-50)/f)?
5
Let h = -172 - -392. Calculate the remainder when h is divided by 32.
28
Let t be (-33)/(-7) - 4/(-14). Suppose -3*a = -a - t*g - 25, 2*a - 60 = -2*g. Suppose 0 = 16*y - 1072 - 112. Calculate the remainder when y is divided by a.
24
Calculate the remainder when ((-9)/(-5))/((-15)/(-75)) is divided by (5/(-6)*-2)/((-13)/(-39)).
4
Let m = 11 + -13. Let y be m - (-2 + 0 + 2). Calculate the remainder when y/(-3)*165/5 is divided by 8.
6
Let o be (-13)/5 + 4/(-10) + 72. Let b = o - 17. What is the remainder when 150 is divided by b?
46
Let k = 128 - -17. Suppose 3*p = 5*o + k, -2*p = -p + 2*o - 41. Calculate the remainder when p is divided by 16.
13
Let h(t) = -t**2 + t. Let d(f) = 3*f - 1. Let j(b) = -d(b) - 3*h(b). What is the remainder when 56 is divided by j(3)?
6
Let i(z) = -z**3 - 14*z**2 + z + 10. Let g be i(-14). What is the remainder when 42 is divided by (0 - 9/(-4))/(g/(-16))?
6
Suppose 0 = -d + 5*j, 2*j - 4 + 0 = 0. Suppose 0 = 4*c - 6*c - 40. Calculate the remainder when 33 + (c/(-5))/(-1) is divided by d.
9
Suppose 0 = 7*v - 2*v - 2*v. Calculate the remainder when 7 is divided by (2 + v)/(88/20 - 4).
2
Suppose 15*v - 20*v - 5*i = -110, -2*v - 4*i = -42. Calculate the remainder when 31 is divided by v.
8
Let m(t) = -t - 8. Suppose -s = -n + 6*n - 153, -5*n - 5*s + 165 = 0. Calculate the remainder when n is divi